{"id":173,"date":"2020-10-22T20:52:07","date_gmt":"2020-10-22T18:52:07","guid":{"rendered":"http:\/\/ijp.polon.uw.edu.pl\/?page_id=173"},"modified":"2026-03-27T20:53:57","modified_gmt":"2026-03-27T19:53:57","slug":"sekretariat","status":"publish","type":"page","link":"https:\/\/ijp.uw.edu.pl\/index.php\/o-instytucie\/sekretariat\/","title":{"rendered":"Sekretariat"},"content":{"rendered":"\n<h3>Kierownik sekretariatu<\/h3>\n\n\n\n<h5>mgr Katarzyna Sadkowska<\/h5>\n\n\n\n<h5>Godziny pracy 9.00-15.00<\/h5>\n\n\n\n<h5>Adres<\/h5>\n\n\n\n<p>Stawki 5\/7, II pi\u0119tro, pok. 73 (tymczasowa siedziba IJP (na czas remontu do odwo\u0142ania)<\/p>\n\n\n\n<h5>Adres korespondencyjny<\/h5>\n\n\n\n<p>Instytut J\u0119zyka Polskiego<br>Wydzia\u0142 Polonistyki UW<br>ul. Krakowskie Przedmie\u015bcie 26\/28<br>00-927 Warszawa<\/p>\n\n\n\n<p>Kampus G\u0142\u00f3wny UW<br>Gmach Wydzia\u0142u Polonistyki<br>2 pi\u0119tro, gabinet 36<\/p>\n\n\n\n<h5>Telefon<\/h5>\n\n\n\n<p>tel.\/fax (+48) 22 55 21 021<\/p>\n\n\n\n<h5>E-mail<\/h5>\n\n\n\n<p><a href=\"mailto:ijp@uw.edu.pl\">ijpuw@uw.edu.pl<\/a><\/p>\n\n\n\n<div class=\"wp-block-image\"><figure class=\"alignleft size-large is-resized\"><img loading=\"lazy\" src=\"https:\/\/ijp.uw.edu.pl\/wp-content\/uploads\/2020\/11\/20201103_094636-1024x768.jpg\" alt=\"\" class=\"wp-image-447\" width=\"512\" height=\"384\" srcset=\"https:\/\/ijp.uw.edu.pl\/wp-content\/uploads\/2020\/11\/20201103_094636-1024x768.jpg 1024w, https:\/\/ijp.uw.edu.pl\/wp-content\/uploads\/2020\/11\/20201103_094636-300x225.jpg 300w, https:\/\/ijp.uw.edu.pl\/wp-content\/uploads\/2020\/11\/20201103_094636-768x576.jpg 768w, https:\/\/ijp.uw.edu.pl\/wp-content\/uploads\/2020\/11\/20201103_094636-1536x1152.jpg 1536w, https:\/\/ijp.uw.edu.pl\/wp-content\/uploads\/2020\/11\/20201103_094636-2048x1536.jpg 2048w, https:\/\/ijp.uw.edu.pl\/wp-content\/uploads\/2020\/11\/20201103_094636-140x105.jpg 140w\" sizes=\"(max-width: 512px) 100vw, 512px\" \/><\/figure><\/div>\n\n\n\n<p class=\"has-text-align-left\" style=\"font-size:10px\">fot. M. Jab\u0142o\u0144ska<\/p>\n\n\n\n<p><\/p>\n","protected":false},"excerpt":{"rendered":"<p>Kierownik sekretariatu mgr Katarzyna Sadkowska Godziny pracy 9.00-15.00 Adres Stawki 5\/7, II pi\u0119tro, pok. 73 (tymczasowa siedziba IJP (na czas remontu do odwo\u0142ania) Adres korespondencyjny Instytut J\u0119zyka PolskiegoWydzia\u0142 Polonistyki UWul.&hellip;<\/p>\n","protected":false},"author":1,"featured_media":0,"parent":127,"menu_order":1,"comment_status":"closed","ping_status":"closed","template":"page-templates\/homepage-widgets-page.php","meta":[],"_links":{"self":[{"href":"https:\/\/ijp.uw.edu.pl\/index.php\/wp-json\/wp\/v2\/pages\/173"}],"collection":[{"href":"https:\/\/ijp.uw.edu.pl\/index.php\/wp-json\/wp\/v2\/pages"}],"about":[{"href":"https:\/\/ijp.uw.edu.pl\/index.php\/wp-json\/wp\/v2\/types\/page"}],"author":[{"embeddable":true,"href":"https:\/\/ijp.uw.edu.pl\/index.php\/wp-json\/wp\/v2\/users\/1"}],"replies":[{"embeddable":true,"href":"https:\/\/ijp.uw.edu.pl\/index.php\/wp-json\/wp\/v2\/comments?post=173"}],"version-history":[{"count":49,"href":"https:\/\/ijp.uw.edu.pl\/index.php\/wp-json\/wp\/v2\/pages\/173\/revisions"}],"predecessor-version":[{"id":1975,"href":"https:\/\/ijp.uw.edu.pl\/index.php\/wp-json\/wp\/v2\/pages\/173\/revisions\/1975"}],"up":[{"embeddable":true,"href":"https:\/\/ijp.uw.edu.pl\/index.php\/wp-json\/wp\/v2\/pages\/127"}],"wp:attachment":[{"href":"https:\/\/ijp.uw.edu.pl\/index.php\/wp-json\/wp\/v2\/media?parent=173"}],"curies":[{"name":"wp","href":"https:\/\/api.w.org\/{rel}","templated":true}]}}